{"id":865,"date":"2025-10-31T16:27:01","date_gmt":"2025-10-31T15:27:01","guid":{"rendered":"https:\/\/outfit.zikoway.pl\/?post_type=product&#038;p=865"},"modified":"2025-10-31T16:27:41","modified_gmt":"2025-10-31T15:27:41","slug":"spodenki-kapielowe-kocham-gory","status":"publish","type":"product","link":"https:\/\/outfit.zikoway.pl\/?product=spodenki-kapielowe-kocham-gory","title":{"rendered":"Spodenki k\u0105pielowe &#8222;Kocham g\u00f3ry&#8221;"},"content":{"rendered":"<h3 data-start=\"129\" data-end=\"174\">\ud83e\ude73 Spodenki k\u0105pielowe <strong data-start=\"155\" data-end=\"172\">\u201eKocham G\u00f3ry\u201d<\/strong><\/h3>\n<p data-start=\"176\" data-end=\"462\">Lekkie, wygodne i szybkoschn\u0105ce \u2013 spodenki k\u0105pielowe <strong data-start=\"229\" data-end=\"246\">\u201eKocham G\u00f3ry\u201d<\/strong> to idealny wyb\u00f3r dla mi\u0142o\u015bnik\u00f3w natury, wody i g\u00f3rskich przyg\u00f3d! \ud83c\udfd4\ufe0f<br data-start=\"315\" data-end=\"318\" \/>Wykonane z wysokiej jako\u015bci, oddychaj\u0105cego materia\u0142u, zapewniaj\u0105 komfort i swobod\u0119 ruch\u00f3w podczas p\u0142ywania, pla\u017cowania czy letnich aktywno\u015bci.<\/p>\n<p data-start=\"464\" data-end=\"591\">Elastyczny pas z regulacj\u0105 gwarantuje idealne dopasowanie, a nadruk <strong data-start=\"532\" data-end=\"549\">\u201eKocham G\u00f3ry\u201d<\/strong> podkre\u015bla Twoj\u0105 pasj\u0119 i wyj\u0105tkowy styl.<\/p>\n","protected":false},"excerpt":{"rendered":"<p><strong data-start=\"80\" data-end=\"151\">Spodenki k\u0105pielowe \u201eKocham G\u00f3ry\u201d \u2013 lekkie, wygodne i szybkoschn\u0105ce.<\/strong><br data-start=\"151\" data-end=\"154\" \/>Idealne na pla\u017c\u0119, jezioro i letnie wyprawy. Elastyczny pas i nadruk \u201eKocham G\u00f3ry\u201d gwarantuj\u0105 komfort i wyj\u0105tkowy styl.<\/p>\n","protected":false},"featured_media":866,"comment_status":"open","ping_status":"closed","template":"","meta":{"site-sidebar-layout":"default","site-content-layout":"","ast-site-content-layout":"default","site-content-style":"default","site-sidebar-style":"default","ast-global-header-display":"","ast-banner-title-visibility":"","ast-main-header-display":"","ast-hfb-above-header-display":"","ast-hfb-below-header-display":"","ast-hfb-mobile-header-display":"","site-post-title":"","ast-breadcrumbs-content":"","ast-featured-img":"","footer-sml-layout":"","theme-transparent-header-meta":"default","adv-header-id-meta":"","stick-header-meta":"","header-above-stick-meta":"","header-main-stick-meta":"","header-below-stick-meta":"","astra-migrate-meta-layouts":"set","ast-page-background-enabled":"default","ast-page-background-meta":{"desktop":{"background-color":"var(--ast-global-color-5)","background-image":"","background-repeat":"repeat","background-position":"center center","background-size":"auto","background-attachment":"scroll","background-type":"","background-media":"","overlay-type":"","overlay-color":"","overlay-opacity":"","overlay-gradient":""},"tablet":{"background-color":"","background-image":"","background-repeat":"repeat","background-position":"center center","background-size":"auto","background-attachment":"scroll","background-type":"","background-media":"","overlay-type":"","overlay-color":"","overlay-opacity":"","overlay-gradient":""},"mobile":{"background-color":"","background-image":"","background-repeat":"repeat","background-position":"center center","background-size":"auto","background-attachment":"scroll","background-type":"","background-media":"","overlay-type":"","overlay-color":"","overlay-opacity":"","overlay-gradient":""}},"ast-content-background-meta":{"desktop":{"background-color":"var(--ast-global-color-4)","background-image":"","background-repeat":"repeat","background-position":"center center","background-size":"auto","background-attachment":"scroll","background-type":"","background-media":"","overlay-type":"","overlay-color":"","overlay-opacity":"","overlay-gradient":""},"tablet":{"background-color":"var(--ast-global-color-4)","background-image":"","background-repeat":"repeat","background-position":"center center","background-size":"auto","background-attachment":"scroll","background-type":"","background-media":"","overlay-type":"","overlay-color":"","overlay-opacity":"","overlay-gradient":""},"mobile":{"background-color":"var(--ast-global-color-4)","background-image":"","background-repeat":"repeat","background-position":"center center","background-size":"auto","background-attachment":"scroll","background-type":"","background-media":"","overlay-type":"","overlay-color":"","overlay-opacity":"","overlay-gradient":""}}},"product_brand":[],"product_cat":[33],"product_tag":[108,97,110,83],"class_list":{"0":"post-865","1":"product","2":"type-product","3":"status-publish","4":"has-post-thumbnail","6":"product_cat-spodenki","7":"product_tag-gory","8":"product_tag-kocham-gory","9":"product_tag-odziez-damska","10":"product_tag-spodenki","11":"desktop-align-left","12":"tablet-align-left","13":"mobile-align-left","15":"first","16":"instock","17":"taxable","18":"shipping-taxable","19":"purchasable","20":"product-type-variable","21":"wvs-archive-product-wrapper"},"_links":{"self":[{"href":"https:\/\/outfit.zikoway.pl\/index.php?rest_route=\/wp\/v2\/product\/865","targetHints":{"allow":["GET"]}}],"collection":[{"href":"https:\/\/outfit.zikoway.pl\/index.php?rest_route=\/wp\/v2\/product"}],"about":[{"href":"https:\/\/outfit.zikoway.pl\/index.php?rest_route=\/wp\/v2\/types\/product"}],"replies":[{"embeddable":true,"href":"https:\/\/outfit.zikoway.pl\/index.php?rest_route=%2Fwp%2Fv2%2Fcomments&post=865"}],"wp:featuredmedia":[{"embeddable":true,"href":"https:\/\/outfit.zikoway.pl\/index.php?rest_route=\/wp\/v2\/media\/866"}],"wp:attachment":[{"href":"https:\/\/outfit.zikoway.pl\/index.php?rest_route=%2Fwp%2Fv2%2Fmedia&parent=865"}],"wp:term":[{"taxonomy":"product_brand","embeddable":true,"href":"https:\/\/outfit.zikoway.pl\/index.php?rest_route=%2Fwp%2Fv2%2Fproduct_brand&post=865"},{"taxonomy":"product_cat","embeddable":true,"href":"https:\/\/outfit.zikoway.pl\/index.php?rest_route=%2Fwp%2Fv2%2Fproduct_cat&post=865"},{"taxonomy":"product_tag","embeddable":true,"href":"https:\/\/outfit.zikoway.pl\/index.php?rest_route=%2Fwp%2Fv2%2Fproduct_tag&post=865"}],"curies":[{"name":"wp","href":"https:\/\/api.w.org\/{rel}","templated":true}]}}