{"id":800,"date":"2025-10-31T15:39:15","date_gmt":"2025-10-31T14:39:15","guid":{"rendered":"https:\/\/outfit.zikoway.pl\/?post_type=product&#038;p=800"},"modified":"2025-10-31T15:39:15","modified_gmt":"2025-10-31T14:39:15","slug":"sukienka-bluza-damska-z-kapturem-kocham-gory","status":"publish","type":"product","link":"https:\/\/outfit.zikoway.pl\/?product=sukienka-bluza-damska-z-kapturem-kocham-gory","title":{"rendered":"Sukienka\/bluza damska z kapturem &#8222;Kocham g\u00f3ry&#8221;"},"content":{"rendered":"<h3 data-start=\"124\" data-end=\"162\">\ud83d\udc5a D\u0142uga damska bluza z kapturem<\/h3>\n<p data-start=\"164\" data-end=\"412\">Stylowa i komfortowa d\u0142uga bluza z kapturem, kt\u00f3ra \u0142\u0105czy wygod\u0119 z modnym wygl\u0105dem. Wykonana z mi\u0119kkiej, przyjemnej w dotyku dzianiny, idealnie chroni przed ch\u0142odem i sprawdza si\u0119 zar\u00f3wno w domu, podczas spacer\u00f3w, jak i w casualowych stylizacjach.<\/p>\n<p data-start=\"414\" data-end=\"672\">Kaptur z regulacj\u0105 zapewnia ochron\u0119 przed wiatrem, a przednia kiesze\u0144 typu kangur pozwala ogrza\u0107 d\u0142onie lub przechowa\u0107 drobiazgi. D\u0142u\u017cszy kr\u00f3j dodaje stylu, zapewnia komfort noszenia i \u015bwietnie komponuje si\u0119 z legginsami, jeansami czy spodniami sportowymi.<\/p>\n","protected":false},"excerpt":{"rendered":"<p data-start=\"75\" data-end=\"291\"><strong data-start=\"75\" data-end=\"137\">D\u0142uga damska bluza z kapturem \u2013 wygodna, ciep\u0142a i stylowa.<\/strong><br data-start=\"137\" data-end=\"140\" \/>Mi\u0119kka dzianina, kaptur z regulacj\u0105 i praktyczna kiesze\u0144 typu kangur sprawiaj\u0105, \u017ce bluza idealnie nadaje si\u0119 na co dzie\u0144 i do casualowych stylizacji.<\/p>\n","protected":false},"featured_media":801,"comment_status":"open","ping_status":"closed","template":"","meta":{"site-sidebar-layout":"default","site-content-layout":"","ast-site-content-layout":"default","site-content-style":"default","site-sidebar-style":"default","ast-global-header-display":"","ast-banner-title-visibility":"","ast-main-header-display":"","ast-hfb-above-header-display":"","ast-hfb-below-header-display":"","ast-hfb-mobile-header-display":"","site-post-title":"","ast-breadcrumbs-content":"","ast-featured-img":"","footer-sml-layout":"","theme-transparent-header-meta":"default","adv-header-id-meta":"","stick-header-meta":"","header-above-stick-meta":"","header-main-stick-meta":"","header-below-stick-meta":"","astra-migrate-meta-layouts":"set","ast-page-background-enabled":"default","ast-page-background-meta":{"desktop":{"background-color":"var(--ast-global-color-5)","background-image":"","background-repeat":"repeat","background-position":"center center","background-size":"auto","background-attachment":"scroll","background-type":"","background-media":"","overlay-type":"","overlay-color":"","overlay-opacity":"","overlay-gradient":""},"tablet":{"background-color":"","background-image":"","background-repeat":"repeat","background-position":"center center","background-size":"auto","background-attachment":"scroll","background-type":"","background-media":"","overlay-type":"","overlay-color":"","overlay-opacity":"","overlay-gradient":""},"mobile":{"background-color":"","background-image":"","background-repeat":"repeat","background-position":"center center","background-size":"auto","background-attachment":"scroll","background-type":"","background-media":"","overlay-type":"","overlay-color":"","overlay-opacity":"","overlay-gradient":""}},"ast-content-background-meta":{"desktop":{"background-color":"var(--ast-global-color-4)","background-image":"","background-repeat":"repeat","background-position":"center center","background-size":"auto","background-attachment":"scroll","background-type":"","background-media":"","overlay-type":"","overlay-color":"","overlay-opacity":"","overlay-gradient":""},"tablet":{"background-color":"var(--ast-global-color-4)","background-image":"","background-repeat":"repeat","background-position":"center center","background-size":"auto","background-attachment":"scroll","background-type":"","background-media":"","overlay-type":"","overlay-color":"","overlay-opacity":"","overlay-gradient":""},"mobile":{"background-color":"var(--ast-global-color-4)","background-image":"","background-repeat":"repeat","background-position":"center center","background-size":"auto","background-attachment":"scroll","background-type":"","background-media":"","overlay-type":"","overlay-color":"","overlay-opacity":"","overlay-gradient":""}}},"product_brand":[],"product_cat":[31],"product_tag":[74,109,108,97,111],"class_list":{"0":"post-800","1":"product","2":"type-product","3":"status-publish","4":"has-post-thumbnail","6":"product_cat-sukienki-dresowe-z-kapturem","7":"product_tag-bluza","8":"product_tag-bluza-damska","9":"product_tag-gory","10":"product_tag-kocham-gory","11":"product_tag-sukienka","12":"desktop-align-left","13":"tablet-align-left","14":"mobile-align-left","16":"first","17":"instock","18":"taxable","19":"shipping-taxable","20":"purchasable","21":"product-type-variable","22":"wvs-archive-product-wrapper"},"_links":{"self":[{"href":"https:\/\/outfit.zikoway.pl\/index.php?rest_route=\/wp\/v2\/product\/800","targetHints":{"allow":["GET"]}}],"collection":[{"href":"https:\/\/outfit.zikoway.pl\/index.php?rest_route=\/wp\/v2\/product"}],"about":[{"href":"https:\/\/outfit.zikoway.pl\/index.php?rest_route=\/wp\/v2\/types\/product"}],"replies":[{"embeddable":true,"href":"https:\/\/outfit.zikoway.pl\/index.php?rest_route=%2Fwp%2Fv2%2Fcomments&post=800"}],"wp:featuredmedia":[{"embeddable":true,"href":"https:\/\/outfit.zikoway.pl\/index.php?rest_route=\/wp\/v2\/media\/801"}],"wp:attachment":[{"href":"https:\/\/outfit.zikoway.pl\/index.php?rest_route=%2Fwp%2Fv2%2Fmedia&parent=800"}],"wp:term":[{"taxonomy":"product_brand","embeddable":true,"href":"https:\/\/outfit.zikoway.pl\/index.php?rest_route=%2Fwp%2Fv2%2Fproduct_brand&post=800"},{"taxonomy":"product_cat","embeddable":true,"href":"https:\/\/outfit.zikoway.pl\/index.php?rest_route=%2Fwp%2Fv2%2Fproduct_cat&post=800"},{"taxonomy":"product_tag","embeddable":true,"href":"https:\/\/outfit.zikoway.pl\/index.php?rest_route=%2Fwp%2Fv2%2Fproduct_tag&post=800"}],"curies":[{"name":"wp","href":"https:\/\/api.w.org\/{rel}","templated":true}]}}