{"id":754,"date":"2025-10-31T14:53:51","date_gmt":"2025-10-31T13:53:51","guid":{"rendered":"https:\/\/outfit.zikoway.pl\/?post_type=product&#038;p=754"},"modified":"2025-10-31T14:53:51","modified_gmt":"2025-10-31T13:53:51","slug":"torba-typu-crossbody-kocham-gory","status":"publish","type":"product","link":"https:\/\/outfit.zikoway.pl\/?product=torba-typu-crossbody-kocham-gory","title":{"rendered":"Torba typu crossbody &#8222;Kocham g\u00f3ry&#8221;"},"content":{"rendered":"<p data-start=\"89\" data-end=\"530\"><strong data-start=\"89\" data-end=\"130\">Torba crossbody \u201eNic mi si\u0119 nie chce\u201d<\/strong><br data-start=\"130\" data-end=\"133\" \/>Stylowa i praktyczna torba dla tych, kt\u00f3rzy ceni\u0105 wygod\u0119 i luz \ud83d\ude0e Kompaktowa, lekka i \u0142atwa w noszeniu \u2013 idealna na codzienne wyj\u015bcia, spacer, zakupy czy festiwal. Humorystyczny napis \u201eNic mi si\u0119 nie chce\u201d dodaje charakteru i \u015bwietnie pokazuje Tw\u00f3j chillowy nastr\u00f3j. Wygodna kiesze\u0144 g\u0142\u00f3wna pomie\u015bci wszystko, co najpotrzebniejsze, a regulowany pasek pozwala dopasowa\u0107 torb\u0119 do ka\u017cdej stylizacji.<\/p>\n<p data-start=\"532\" data-end=\"613\">\ud83d\udc5c <em data-start=\"535\" data-end=\"611\">Minimalistyczny design, maksymalny luz \u2013 miej wszystko pod r\u0119k\u0105 z humorem!<\/em><\/p>\n","protected":false},"excerpt":{"rendered":"<p>Torba crossbody \u201eNic mi si\u0119 nie chce\u201d \u2013 lekka, praktyczna i pe\u0142na luzu \ud83d\ude0e Idealna na codzienne wyj\u015bcia<\/p>\n","protected":false},"featured_media":751,"comment_status":"open","ping_status":"closed","template":"","meta":{"site-sidebar-layout":"default","site-content-layout":"","ast-site-content-layout":"default","site-content-style":"default","site-sidebar-style":"default","ast-global-header-display":"","ast-banner-title-visibility":"","ast-main-header-display":"","ast-hfb-above-header-display":"","ast-hfb-below-header-display":"","ast-hfb-mobile-header-display":"","site-post-title":"","ast-breadcrumbs-content":"","ast-featured-img":"","footer-sml-layout":"","theme-transparent-header-meta":"default","adv-header-id-meta":"","stick-header-meta":"","header-above-stick-meta":"","header-main-stick-meta":"","header-below-stick-meta":"","astra-migrate-meta-layouts":"set","ast-page-background-enabled":"default","ast-page-background-meta":{"desktop":{"background-color":"var(--ast-global-color-5)","background-image":"","background-repeat":"repeat","background-position":"center center","background-size":"auto","background-attachment":"scroll","background-type":"","background-media":"","overlay-type":"","overlay-color":"","overlay-opacity":"","overlay-gradient":""},"tablet":{"background-color":"","background-image":"","background-repeat":"repeat","background-position":"center center","background-size":"auto","background-attachment":"scroll","background-type":"","background-media":"","overlay-type":"","overlay-color":"","overlay-opacity":"","overlay-gradient":""},"mobile":{"background-color":"","background-image":"","background-repeat":"repeat","background-position":"center center","background-size":"auto","background-attachment":"scroll","background-type":"","background-media":"","overlay-type":"","overlay-color":"","overlay-opacity":"","overlay-gradient":""}},"ast-content-background-meta":{"desktop":{"background-color":"var(--ast-global-color-4)","background-image":"","background-repeat":"repeat","background-position":"center center","background-size":"auto","background-attachment":"scroll","background-type":"","background-media":"","overlay-type":"","overlay-color":"","overlay-opacity":"","overlay-gradient":""},"tablet":{"background-color":"var(--ast-global-color-4)","background-image":"","background-repeat":"repeat","background-position":"center center","background-size":"auto","background-attachment":"scroll","background-type":"","background-media":"","overlay-type":"","overlay-color":"","overlay-opacity":"","overlay-gradient":""},"mobile":{"background-color":"var(--ast-global-color-4)","background-image":"","background-repeat":"repeat","background-position":"center center","background-size":"auto","background-attachment":"scroll","background-type":"","background-media":"","overlay-type":"","overlay-color":"","overlay-opacity":"","overlay-gradient":""}}},"product_brand":[],"product_cat":[62],"product_tag":[96,103,105,87,104],"class_list":{"0":"post-754","1":"product","2":"type-product","3":"status-publish","4":"has-post-thumbnail","6":"product_cat-torby-typu-crossbody","7":"product_tag-akcesoria","8":"product_tag-kot","9":"product_tag-koty","10":"product_tag-torba-typu-crossbody","11":"product_tag-zwierzeta","12":"desktop-align-left","13":"tablet-align-left","14":"mobile-align-left","16":"first","17":"instock","18":"taxable","19":"shipping-taxable","20":"purchasable","21":"product-type-simple"},"_links":{"self":[{"href":"https:\/\/outfit.zikoway.pl\/index.php?rest_route=\/wp\/v2\/product\/754","targetHints":{"allow":["GET"]}}],"collection":[{"href":"https:\/\/outfit.zikoway.pl\/index.php?rest_route=\/wp\/v2\/product"}],"about":[{"href":"https:\/\/outfit.zikoway.pl\/index.php?rest_route=\/wp\/v2\/types\/product"}],"replies":[{"embeddable":true,"href":"https:\/\/outfit.zikoway.pl\/index.php?rest_route=%2Fwp%2Fv2%2Fcomments&post=754"}],"wp:featuredmedia":[{"embeddable":true,"href":"https:\/\/outfit.zikoway.pl\/index.php?rest_route=\/wp\/v2\/media\/751"}],"wp:attachment":[{"href":"https:\/\/outfit.zikoway.pl\/index.php?rest_route=%2Fwp%2Fv2%2Fmedia&parent=754"}],"wp:term":[{"taxonomy":"product_brand","embeddable":true,"href":"https:\/\/outfit.zikoway.pl\/index.php?rest_route=%2Fwp%2Fv2%2Fproduct_brand&post=754"},{"taxonomy":"product_cat","embeddable":true,"href":"https:\/\/outfit.zikoway.pl\/index.php?rest_route=%2Fwp%2Fv2%2Fproduct_cat&post=754"},{"taxonomy":"product_tag","embeddable":true,"href":"https:\/\/outfit.zikoway.pl\/index.php?rest_route=%2Fwp%2Fv2%2Fproduct_tag&post=754"}],"curies":[{"name":"wp","href":"https:\/\/api.w.org\/{rel}","templated":true}]}}