{"id":397,"date":"2025-10-19T17:45:08","date_gmt":"2025-10-19T15:45:08","guid":{"rendered":"https:\/\/outfit.zikoway.pl\/?post_type=product&#038;p=397"},"modified":"2025-11-04T12:12:08","modified_gmt":"2025-11-04T11:12:08","slug":"plecak-lata-90","status":"publish","type":"product","link":"https:\/\/outfit.zikoway.pl\/?product=plecak-lata-90","title":{"rendered":"Plecak lata 90"},"content":{"rendered":"<p data-start=\"70\" data-end=\"319\"><strong data-start=\"70\" data-end=\"96\">Plecak \u201eMuzyka lat 90\u201d<\/strong> to idealny wyb\u00f3r dla fan\u00f3w retro klimat\u00f3w, kaset, walkman\u00f3w, rocka, popu i kultowych hit\u00f3w sprzed lat. Kolorowa grafika w stylu vintage wyr\u00f3\u017cnia si\u0119 z daleka i przyci\u0105ga uwag\u0119 wszystkich, kt\u00f3rzy kochaj\u0105 muzyczn\u0105 nostalgi\u0119.<\/p>\n<p data-start=\"321\" data-end=\"643\">Lekki, wygodny i pojemny \u2013 sprawdzi si\u0119 do szko\u0142y, pracy, na uczelni\u0119, wycieczki, koncerty czy codzienne wyj\u015bcia. W \u015brodku bez problemu zmie\u015bcisz ksi\u0105\u017cki, laptop, s\u0142uchawki, powerbank i najwa\u017cniejsze drobiazgi. Regulowane, mi\u0119kkie szelki zapewniaj\u0105 komfort, a trwa\u0142y materia\u0142 chroni zawarto\u015b\u0107 przed pogod\u0105 i zarysowaniami.<\/p>\n","protected":false},"excerpt":{"rendered":"<p><strong data-start=\"54\" data-end=\"80\">Plecak \u201eMuzyka lat 90\u201d<\/strong> to wygodny, lekki i pojemny plecak z kolorowym, retro designem inspirowanym kasetami i kultow\u0105 muzyk\u0105. Idealny do szko\u0142y, pracy, na wycieczki i codzienne wyj\u015bcia. Oryginalny styl dla fan\u00f3w vintage i muzycznych klimat\u00f3w!<\/p>\n","protected":false},"featured_media":1495,"comment_status":"open","ping_status":"closed","template":"","meta":{"site-sidebar-layout":"default","site-content-layout":"","ast-site-content-layout":"default","site-content-style":"default","site-sidebar-style":"default","ast-global-header-display":"","ast-banner-title-visibility":"","ast-main-header-display":"","ast-hfb-above-header-display":"","ast-hfb-below-header-display":"","ast-hfb-mobile-header-display":"","site-post-title":"","ast-breadcrumbs-content":"","ast-featured-img":"","footer-sml-layout":"","theme-transparent-header-meta":"default","adv-header-id-meta":"","stick-header-meta":"","header-above-stick-meta":"","header-main-stick-meta":"","header-below-stick-meta":"","astra-migrate-meta-layouts":"set","ast-page-background-enabled":"default","ast-page-background-meta":{"desktop":{"background-color":"var(--ast-global-color-5)","background-image":"","background-repeat":"repeat","background-position":"center center","background-size":"auto","background-attachment":"scroll","background-type":"","background-media":"","overlay-type":"","overlay-color":"","overlay-opacity":"","overlay-gradient":""},"tablet":{"background-color":"","background-image":"","background-repeat":"repeat","background-position":"center center","background-size":"auto","background-attachment":"scroll","background-type":"","background-media":"","overlay-type":"","overlay-color":"","overlay-opacity":"","overlay-gradient":""},"mobile":{"background-color":"","background-image":"","background-repeat":"repeat","background-position":"center center","background-size":"auto","background-attachment":"scroll","background-type":"","background-media":"","overlay-type":"","overlay-color":"","overlay-opacity":"","overlay-gradient":""}},"ast-content-background-meta":{"desktop":{"background-color":"var(--ast-global-color-4)","background-image":"","background-repeat":"repeat","background-position":"center center","background-size":"auto","background-attachment":"scroll","background-type":"","background-media":"","overlay-type":"","overlay-color":"","overlay-opacity":"","overlay-gradient":""},"tablet":{"background-color":"var(--ast-global-color-4)","background-image":"","background-repeat":"repeat","background-position":"center center","background-size":"auto","background-attachment":"scroll","background-type":"","background-media":"","overlay-type":"","overlay-color":"","overlay-opacity":"","overlay-gradient":""},"mobile":{"background-color":"var(--ast-global-color-4)","background-image":"","background-repeat":"repeat","background-position":"center center","background-size":"auto","background-attachment":"scroll","background-type":"","background-media":"","overlay-type":"","overlay-color":"","overlay-opacity":"","overlay-gradient":""}}},"product_brand":[],"product_cat":[60],"product_tag":[],"class_list":{"0":"post-397","1":"product","2":"type-product","3":"status-publish","4":"has-post-thumbnail","6":"product_cat-plecaki","7":"desktop-align-left","8":"tablet-align-left","9":"mobile-align-left","11":"first","12":"instock","13":"taxable","14":"shipping-taxable","15":"purchasable","16":"product-type-simple"},"_links":{"self":[{"href":"https:\/\/outfit.zikoway.pl\/index.php?rest_route=\/wp\/v2\/product\/397","targetHints":{"allow":["GET"]}}],"collection":[{"href":"https:\/\/outfit.zikoway.pl\/index.php?rest_route=\/wp\/v2\/product"}],"about":[{"href":"https:\/\/outfit.zikoway.pl\/index.php?rest_route=\/wp\/v2\/types\/product"}],"replies":[{"embeddable":true,"href":"https:\/\/outfit.zikoway.pl\/index.php?rest_route=%2Fwp%2Fv2%2Fcomments&post=397"}],"wp:featuredmedia":[{"embeddable":true,"href":"https:\/\/outfit.zikoway.pl\/index.php?rest_route=\/wp\/v2\/media\/1495"}],"wp:attachment":[{"href":"https:\/\/outfit.zikoway.pl\/index.php?rest_route=%2Fwp%2Fv2%2Fmedia&parent=397"}],"wp:term":[{"taxonomy":"product_brand","embeddable":true,"href":"https:\/\/outfit.zikoway.pl\/index.php?rest_route=%2Fwp%2Fv2%2Fproduct_brand&post=397"},{"taxonomy":"product_cat","embeddable":true,"href":"https:\/\/outfit.zikoway.pl\/index.php?rest_route=%2Fwp%2Fv2%2Fproduct_cat&post=397"},{"taxonomy":"product_tag","embeddable":true,"href":"https:\/\/outfit.zikoway.pl\/index.php?rest_route=%2Fwp%2Fv2%2Fproduct_tag&post=397"}],"curies":[{"name":"wp","href":"https:\/\/api.w.org\/{rel}","templated":true}]}}