{"id":128,"date":"2025-10-19T14:38:32","date_gmt":"2025-10-19T12:38:32","guid":{"rendered":"https:\/\/outfit.zikoway.pl\/?post_type=product&#038;p=128"},"modified":"2025-11-05T10:38:57","modified_gmt":"2025-11-05T09:38:57","slug":"bluza-bez-kaptura-lata-90","status":"publish","type":"product","link":"https:\/\/outfit.zikoway.pl\/?product=bluza-bez-kaptura-lata-90","title":{"rendered":"Bluza bez kaptura lata 90"},"content":{"rendered":"<p data-start=\"70\" data-end=\"332\"><strong data-start=\"70\" data-end=\"113\">M\u0119ska bluza bez kaptura \u201eMuzyka lat 90\u201d<\/strong> to doskona\u0142e po\u0142\u0105czenie wygody, stylu i retro klimatu. Wykonana z mi\u0119kkiego, wysokiej jako\u015bci materia\u0142u, zapewnia komfort przez ca\u0142y dzie\u0144 \u2014 \u015bwietnie sprawdzi si\u0119 na spacer, codzienne wyj\u015bcia, koncerty czy festiwale.<\/p>\n<p data-start=\"334\" data-end=\"654\">Klasyczny, prosty kr\u00f3j pozwala na \u0142atwe zestawienie bluzy z jeansami, spodniami dresowymi czy sneakersami, a kolorowy nadruk inspirowany muzyk\u0105 lat 90, kasetami i walkmanami nadaje jej wyj\u0105tkowego charakteru. To nie tylko ubranie, ale tak\u017ce stylowy spos\u00f3b na wyra\u017cenie swojej pasji do kultowej muzyki i retro estetyki.<\/p>\n","protected":false},"excerpt":{"rendered":"<p><strong data-start=\"66\" data-end=\"109\">M\u0119ska bluza bez kaptura \u201eMuzyka lat 90\u201d<\/strong> \u2013 wygodna, mi\u0119kka i stylowa, z kolorowym nadrukiem inspirowanym kasetami, walkmanami i muzyk\u0105 lat 90. Idealna na co dzie\u0144, koncerty i festiwale.<\/p>\n","protected":false},"featured_media":1523,"comment_status":"open","ping_status":"closed","template":"","meta":{"site-sidebar-layout":"default","site-content-layout":"","ast-site-content-layout":"default","site-content-style":"default","site-sidebar-style":"default","ast-global-header-display":"","ast-banner-title-visibility":"","ast-main-header-display":"","ast-hfb-above-header-display":"","ast-hfb-below-header-display":"","ast-hfb-mobile-header-display":"","site-post-title":"","ast-breadcrumbs-content":"","ast-featured-img":"","footer-sml-layout":"","theme-transparent-header-meta":"default","adv-header-id-meta":"","stick-header-meta":"","header-above-stick-meta":"","header-main-stick-meta":"","header-below-stick-meta":"","astra-migrate-meta-layouts":"set","ast-page-background-enabled":"default","ast-page-background-meta":{"desktop":{"background-color":"var(--ast-global-color-5)","background-image":"","background-repeat":"repeat","background-position":"center center","background-size":"auto","background-attachment":"scroll","background-type":"","background-media":"","overlay-type":"","overlay-color":"","overlay-opacity":"","overlay-gradient":""},"tablet":{"background-color":"","background-image":"","background-repeat":"repeat","background-position":"center center","background-size":"auto","background-attachment":"scroll","background-type":"","background-media":"","overlay-type":"","overlay-color":"","overlay-opacity":"","overlay-gradient":""},"mobile":{"background-color":"","background-image":"","background-repeat":"repeat","background-position":"center center","background-size":"auto","background-attachment":"scroll","background-type":"","background-media":"","overlay-type":"","overlay-color":"","overlay-opacity":"","overlay-gradient":""}},"ast-content-background-meta":{"desktop":{"background-color":"var(--ast-global-color-4)","background-image":"","background-repeat":"repeat","background-position":"center center","background-size":"auto","background-attachment":"scroll","background-type":"","background-media":"","overlay-type":"","overlay-color":"","overlay-opacity":"","overlay-gradient":""},"tablet":{"background-color":"var(--ast-global-color-4)","background-image":"","background-repeat":"repeat","background-position":"center center","background-size":"auto","background-attachment":"scroll","background-type":"","background-media":"","overlay-type":"","overlay-color":"","overlay-opacity":"","overlay-gradient":""},"mobile":{"background-color":"var(--ast-global-color-4)","background-image":"","background-repeat":"repeat","background-position":"center center","background-size":"auto","background-attachment":"scroll","background-type":"","background-media":"","overlay-type":"","overlay-color":"","overlay-opacity":"","overlay-gradient":""}}},"product_brand":[],"product_cat":[47],"product_tag":[74,75,76],"class_list":{"0":"post-128","1":"product","2":"type-product","3":"status-publish","4":"has-post-thumbnail","6":"product_cat-bluzy-bez-kaptura-bluzy-i-bluzy-z-kapturem-odziez-meska","7":"product_tag-bluza","8":"product_tag-lata90","9":"product_tag-muzyka","10":"desktop-align-left","11":"tablet-align-left","12":"mobile-align-left","14":"first","15":"instock","16":"taxable","17":"shipping-taxable","18":"purchasable","19":"product-type-variable","20":"wvs-archive-product-wrapper"},"_links":{"self":[{"href":"https:\/\/outfit.zikoway.pl\/index.php?rest_route=\/wp\/v2\/product\/128","targetHints":{"allow":["GET"]}}],"collection":[{"href":"https:\/\/outfit.zikoway.pl\/index.php?rest_route=\/wp\/v2\/product"}],"about":[{"href":"https:\/\/outfit.zikoway.pl\/index.php?rest_route=\/wp\/v2\/types\/product"}],"replies":[{"embeddable":true,"href":"https:\/\/outfit.zikoway.pl\/index.php?rest_route=%2Fwp%2Fv2%2Fcomments&post=128"}],"wp:featuredmedia":[{"embeddable":true,"href":"https:\/\/outfit.zikoway.pl\/index.php?rest_route=\/wp\/v2\/media\/1523"}],"wp:attachment":[{"href":"https:\/\/outfit.zikoway.pl\/index.php?rest_route=%2Fwp%2Fv2%2Fmedia&parent=128"}],"wp:term":[{"taxonomy":"product_brand","embeddable":true,"href":"https:\/\/outfit.zikoway.pl\/index.php?rest_route=%2Fwp%2Fv2%2Fproduct_brand&post=128"},{"taxonomy":"product_cat","embeddable":true,"href":"https:\/\/outfit.zikoway.pl\/index.php?rest_route=%2Fwp%2Fv2%2Fproduct_cat&post=128"},{"taxonomy":"product_tag","embeddable":true,"href":"https:\/\/outfit.zikoway.pl\/index.php?rest_route=%2Fwp%2Fv2%2Fproduct_tag&post=128"}],"curies":[{"name":"wp","href":"https:\/\/api.w.org\/{rel}","templated":true}]}}